91. What is the units digit of v?
2
Suppose 2*g + 2*t = 8, -4*g + 16 = t + 2*t. Let u(o) = -o + 4. Let l be u(g). Suppose 5*v + 4*j = 50, 3*v + l*j - 38 = -4*j. What is the units digit of v?
6
Let a be (3/(-4))/((-3)/12). What is the tens digit of ((-5)/a)/((-3)/36)?
2
Let q(l) = 9 + 0*l**2 + 16*l - l**2 - 21*l + 16*l. What is the tens digit of q(10)?
1
What is the tens digit of ((-354)/4)/(60/(-80))?
1
Suppose -22 = 10*a - 11*a. What is the units digit of a?
2
Let s be ((-21)/(-28))/(1/(-36)). What is the tens digit of (-6 - s) + 1 + -4?
1
What is the units digit of (1 - 157)/(-3) - 3?
9
Let y(p) = p + 5. Let g = 18 - 3. Suppose -7 = q - g. What is the tens digit of y(q)?
1
Suppose 3*l = -0 + 3. What is the units digit of 39 + (l + -2 - -4)?
2
Suppose 0 = 2*h + h + 6. Let b be (-2)/(h/(-3)) + 20. Suppose -2*v = -v - b. What is the units digit of v?
7
Suppose 0 = -5*d - 4*b + 143 + 82, -3*b = 0. What is the tens digit of d?
4
What is the tens digit of ((-15)/(-6))/(-5)*(-1 - 121)?
6
Suppose p + 6 = -m + 3*m, p - 18 = -4*m. What is the units digit of (2/4)/(1/p)?
1
Suppose 5*r + 1365 - 245 = 0. Let x be ((-3)/(-6))/((-4)/r). Suppose -3*g + x = 4*n + 6, g = 3*n - 10. What is the units digit of g?
2
Let m be (3/(-9))/(1/(-12)). Let b(t) = 7*t + t - t**2 + m*t + 9. What is the units digit of b(12)?
9
Let f(y) = -331*y + 10. What is the hundreds digit of f(-1)?
3
Let d = -3 - 1. Let x(c) = -6*c + 7. What is the units digit of x(d)?
1
Let g(p) = -4*p + 1. Let q be g(-1). Suppose 2*b - q*b = -30. What is the tens digit of b?
1
Suppose 4*j + 3*h = -73 + 614, 0 = 3*j - 2*h - 410. What is the units digit of j?
6
Suppose 0 = -i + 38 + 32. What is the units digit of i?
0
What is the hundreds digit of 164*(6 - 0)/3?
3
Let n = -1 + 2. Let l be 20*((-3)/6 + n). Let v = -2 + l. What is the units digit of v?
8
Suppose 6*h - 114 = -0*h. What is the tens digit of h?
1
Let v = 308 + -187. What is the units digit of v?
1
Let f(b) = b + 6. Let n(y) = -6*y. Let h be n(1). Let x be f(h). Suppose x*q - q + 9 = 0. What is the units digit of q?
9
Let s be (0 - (-1 - -1)) + 2. Let i = -2 + s. Suppose i*c - c + 8 = 0. What is the units digit of c?
8
Let b = 61 - 37. What is the units digit of b?
4
What is the hundreds digit of ((-5635)/45 + 2/9)/(-1)?
1
Let o(y) = 12*y**2 + 2*y - 1. Let s(v) = v**3 + 4*v**2 + 2*v - 2. Let m be s(-3). What is the units digit of o(m)?
3
Suppose 3*s + 5 = 3*v - 4, 5*v = -3*s + 15. What is the units digit of 2/(5 - v)*5?
5
Let d(u) = -u + 7. Let x be d(-9). Suppose -4*k - x = -m, k + k - 28 = -4*m. What is the units digit of m?
8
Suppose 0 = -3*d, d - 12 = -h + 2*d. What is the units digit of h?
2
What is the tens digit of 6/(-4)*68/(-6)?
1
Suppose 2*t = -3 + 11. What is the units digit of t?
4
Let x(q) = q**2 + q + 62. What is the units digit of x(0)?
2
Let s = -31 + 14. What is the units digit of s*(-2 + 3)*-2?
4
Let j = 117 - 69. Let d = j - 33. What is the units digit of d?
5
Suppose 4*l + 40 - 14 = 2*h, 2*l = -2*h + 20. Let y = h + 14. What is the tens digit of y?
2
Let p = 17 - 5. Suppose -p - 9 = -3*g. What is the units digit of (-2)/7 - (-23)/g?
3
Suppose 5 = -r, -4*x + 4*r - 535 = -7*x. What is the tens digit of x?
8
Suppose d - r = 0, 0 = d - 0*d + 3*r + 16. What is the units digit of (42/d)/((-5)/10)?
1
Let h = 66 + -47. Let k = h + -8. What is the tens digit of k?
1
Let i(r) = r**2 - 5*r - 6. Let x be i(6). Suppose x = 5*z - 25, -v - 5*z + 28 = 0. Suppose 3*g + 0*g + 3*w + v = 0, 13 = 3*g - w. What is the units digit of g?
3
What is the tens digit of 20/(-5) + (290 - 2/1)?
8
Let b = 388 - 158. What is the tens digit of b?
3
Let t = -38 + 50. What is the units digit of t?
2
Let r be (-33)/(-5) - (-2)/5. Suppose -r = -2*y + y. What is the units digit of y?
7
Suppose 4*t = -2*u - t - 19, 4*u - 2*t = 22. Suppose -u*z - 3 = 0, -5 = 2*g - 3*g - 3*z. What is the units digit of g?
8
What is the units digit of 1/(5/(-1 - -781))?
6
Let r(n) = -4*n - 9. Let k(v) = 4*v + 8. Let d(j) = -4*k(j) - 3*r(j). What is the tens digit of d(-4)?
1
Let h be 1/(-1 + (-18)/(-15)). Suppose m + h - 2 = -2*y, -5*m + 2*y = -33. Suppose 3*i = r + 8, -m*i - 2*r = -7*r. What is the units digit of i?
4
Let q(f) = 6*f. Let i(j) = -j**2 - 5*j + 8. Let d be i(-6). What is the tens digit of q(d)?
1
Suppose 0 = -6*a + 20 - 8. What is the tens digit of 113/a + (-3)/(-6)?
5
What is the units digit of (-1)/(-2 - 252/(-128))?
2
Suppose -3*d = -n - 4, 6*n = n - 2*d - 37. Let l be 82/(-1) - (n + 10). What is the units digit of (l/(-10))/(1/2)?
7
Let r = 5 - 1. Suppose -l - 5*x = 3, -r*l + 3*x - 20 = -54. What is the units digit of l?
7
Let b(d) = -3*d + 18. What is the tens digit of b(-12)?
5
Let p be (-170)/(-6) + 2/3. Let g be (10/15)/(2/(-57)). Let c = p + g. What is the tens digit of c?
1
Let g be (-3)/5 + (-6)/(-10). Suppose -2*y = -30 - g. What is the units digit of y?
5
Let o be ((-4)/12)/(1/(-15)). Suppose -o*c - 1 = -26. What is the units digit of c?
5
Let x(a) = a**3 - a**2 - 4*a + 2. What is the units digit of x(3)?
8
Let t(b) = -b**3 + 20*b**2 - 17*b - 3. What is the units digit of t(19)?
5
Let r(q) = -q**3 + 6*q**2 + 7*q + 9. Let m be r(7). Let g(x) = -3*x - 2. Let l(w) = -2*w - 1. Let k(u) = -5*g(u) + 7*l(u). What is the tens digit of k(m)?
1
Let i = -161 + 232. Let h = i - 107. What is the units digit of (1/2)/((-2)/h)?
9
Let s(o) = -o**3 - 6*o**2 + 7*o + 4. Let g be s(-5). Let m = 78 + g. What is the units digit of m?
2
Let o(n) be the third derivative of n**6/120 - 11*n**5/60 + 11*n**4/24 + n**3/2 - 2*n**2. Let u be o(10). Let h = u - -1. What is the tens digit of h?
1
Let x(b) = 4*b**2 - 5*b + 2. Let z be x(4). Suppose -6*h + 4*h + z = 4*g, -4*h = 12. What is the units digit of g?
3
Suppose 5*k + 10 = -0*k. Let v be (-45)/(-10)*k/(-3). Suppose 0 = -v*m + 2 + 1. What is the units digit of m?
1
Let h(d) = -d**3 - d - 1. Let z be h(0). Let m(x) = -1 - x**2 + 0 + 9*x**2. What is the units digit of m(z)?
7
Suppose -8*z + 7*z + 10 = 0. What is the tens digit of z?
1
Suppose 0 = -0*a + a - 3*p - 2, 0 = -a - p + 2. Let l = 17 + -12. Suppose -a*x = -f - 6, 10 + 0 = l*f. What is the units digit of x?
4
Let s = -11 - -61. What is the units digit of s?
0
Let w(f) = f + 13. Suppose 0 = n + 3*m - 0*m + 17, 3*n + 3*m + 39 = 0. What is the units digit of w(n)?
2
Suppose -5*z + 103 + 177 = 5*r, -5*z - 2*r + 295 = 0. Suppose -5*w = -2*w - 2*l - z, -4*w = 3*l - 53. What is the units digit of w?
7
Suppose 0 = -3*h + 143 + 85. What is the units digit of h?
6
Suppose s - 10*s + 900 = 0. What is the units digit of s?
0
Let n = -11 - -15. Let w(v) = -4*v + 6*v - v**3 + 3*v**2 + 4*v - 4. What is the units digit of w(n)?
4
Suppose -4*t + 36 = 4*m, -5*m + 0*t + t = -39. What is the units digit of m?
8
Suppose 2*p + 5 = 13. Suppose 5 = -5*v, 3*s - 13 = p*v + 6. Suppose -s*a + 3 + 2 = 0. What is the units digit of a?
1
Let l = 7 - 11. Let i = l + 5. What is the units digit of (i - (-3)/6)*2?
3
Let t(h) = h**3 + 15*h**2 - 5*h - 41. What is the tens digit of t(-14)?
2
Suppose d + 4*s = 5*d - 36, 2*d + 4*s = -12. Suppose -2*w + 1 = -w. Let b = d + w. What is the units digit of b?
5
Suppose -4*d - 100 = -3*d. Let i be (-1)/3 - d/12. Suppose x - i = -x. What is the units digit of x?
4
Suppose -p - d + 227 = 2*d, -d + 853 = 4*p. What is the units digit of p?
2
Let s be 1 + 0 + -1 + 3. Suppose -4*f + s*f + 5*t = -35, 0 = -3*f - t + 57. Let a = f - 11. What is the units digit of a?
9
Let a be ((-12)/(-15))/(6/165). Suppose 39 = 3*h - 4*y, -5*h + a = -2*y - 43. What is the tens digit of h?
1
Let m(q) be the third derivative of q**4/8 + q**3/2 - q**2. Let u be m(-3). Let y(z) = -z + 6. What is the units digit of y(u)?
2
Let j(z) = 35*z + 4. Let h be j(3). Let t = -57 + h. Suppose 5*a - 13 = t. What is the tens digit of a?
1
Suppose h - 13 = -4*s, s - 1 = -0. Suppose -i + h = 2*i. Suppose -i = 3*o - 2*k - 12, -3 = k. What is the units digit of o?
1
Let n(u) = u**3 - 5*u**2 + 9*u - 5. What is the tens digit of n(6)?
8
Suppose -5*c = 3*s + s + 11, 5*s = -3*c - 17. Let l(q) = -4*q - q - 4 - c + 1. What is the tens digit of l(-3)?
1
Let h be (-2)/(-1 - (-6)/7). Let y = h + -3. What is the units digit of y?
1
Let t(m) = m**3 - 12*m**2 + 2*m - 7. Let k be t(12). Suppose -52 + k = -x. What is the t